{"id":91,"date":"2015-03-22T00:34:01","date_gmt":"2015-03-21T22:34:01","guid":{"rendered":"https:\/\/web.alfanet.ee\/~hiiepaik\/?page_id=91"},"modified":"2024-12-31T15:10:01","modified_gmt":"2024-12-31T13:10:01","slug":"kuvavoistlus","status":"publish","type":"page","link":"https:\/\/web.alfanet.ee\/~hiiepaik\/tegutse\/kuvavoistlus\/","title":{"rendered":"KUVAV\u00d5ISTLUS"},"content":{"rendered":"<div class=\"wp-block-image\">\n<figure class=\"alignleft\"><a href=\"https:\/\/web.alfanet.ee\/~hiiepaik\/wp-content\/uploads\/2015\/03\/Helme-Orjakivi.png\"><img loading=\"lazy\" decoding=\"async\" width=\"300\" height=\"202\" src=\"https:\/\/web.alfanet.ee\/~hiiepaik\/wp-content\/uploads\/2015\/03\/Helme-Orjakivi-300x202.png\" alt=\"Helme Orjakivi, autor Olev Merivee\" class=\"wp-image-186\" srcset=\"https:\/\/web.alfanet.ee\/~hiiepaik\/wp-content\/uploads\/2015\/03\/Helme-Orjakivi-300x202.png 300w, https:\/\/web.alfanet.ee\/~hiiepaik\/wp-content\/uploads\/2015\/03\/Helme-Orjakivi-445x300.png 445w, https:\/\/web.alfanet.ee\/~hiiepaik\/wp-content\/uploads\/2015\/03\/Helme-Orjakivi.png 957w\" sizes=\"auto, (max-width: 300px) 100vw, 300px\" \/><\/a><figcaption class=\"wp-element-caption\">Helme Orjakivi, autor Olev Merivee, V\u00f5idukuva 2014 nominent<\/figcaption><\/figure>\n<\/div>\n\n\n<p>Hiite kuvav\u00f5istlus, kuhu oodatakse fotosid hiitest ja teistest looduslikest p\u00fchapaikadest. V\u00f5istluse eesm\u00e4rk on v\u00e4\u00e4rtustada ajalooliste p\u00fchapaikade kultuuri- ja loodusp\u00e4randit, j\u00e4\u00e4dvustada nende hetkeseisund ning suunata inimesi p\u00fchapaiku k\u00fclastama ja hoidma.<\/p>\n\n\n\n<p>Rahvusvahelise v\u00f5istluse teemaks on looduslikud (mitte ehitatud-rajatud) p\u00fchapaigad: hiied ja p\u00fchad m\u00e4ed, veekogud, puud, kivid jm loodusobjektid, kus juba meie esivanemad k\u00e4isid palvetamas, ravimas, ande j\u00e4tmas, n\u00f5u pidamas, ennustamas jm kombetalitusi t\u00e4itmas.<\/p>\n\n\n\n<p>V\u00f5istluse auhinnad on rahalise v\u00e4\u00e4rtusega. &nbsp;Lisaks jagatakse eriauhindu teemadel: hiis, p\u00fcha puu, kivi, veekogu, annid, hiie valu, p\u00e4rimus, Vana-V\u00f5romaa, Virumaa, Mulgimaa, &nbsp;J\u00f5geva maakond, saared, looduskaitse jm. Oodatud on ka mujal maailmas tehtud \u00fclesv\u00f5tted.<\/p>\n\n\n\n<p>Millal ja kuidas saata fotosid v\u00f5istlusele vaata t\u00e4psemalt siit: <strong><a href=\"https:\/\/www.hiis.ee\/kuva\">www.hiis.ee\/kuva<\/a><\/strong><\/p>\n\n\n\n<p>Rahvusvahelise looduskaitseliidu (IUCN) hinnangul on looduslikud p\u00fchapaigad inimkonna ning ka Eesti vanimad looduskaitsealad. Looduslikke p\u00fchapaiku leidub paljudel p\u00f5listel rahvastel ning need kuuluvad inimkonna \u00fchisp\u00e4randisse. Eestis on teada ligikaudu 800 suuremat maa-ala h\u00f5lmavat hiiepaika, mitu tuhat p\u00fcha kivi, puud ja allikat ning sadu ristipuid. P\u00fchapaikasid leidub k\u00f5ikides maakondades ja kihelkondades ning paljudes k\u00fclades. Enamik meie p\u00fchapaiku on ohustatud ja kadumas unustamise t\u00f5ttu.<\/p>\n\n\n\n<p>Hiite kuvav\u00f5istlust korraldavad Hiite Maja, Maavalla koda ning Tartu \u00dclikooli looduslike p\u00fchapaikade keskus. V\u00f5istlust toetavad: Wiedemanni t\u00f5lkeb\u00fcroo, H\u00f5imurahvaste Programm, Kehrwieder, Eesti Kirjandusmuuseumi Eesti Rahvaluule Arhiiv, V\u00f5ro Instituut, Mulgi Kultuuri Instituut, Uma Leht, Tihuse hobuturismitalu, Eesti Folkloorin\u00f5ukogu, Muinsuskaitseamet, Keskkonnaamet, J\u00f5geva Maavalitsus, Eesti P\u00e4rimusmuusika Keskus, Krautmani Massaa\u017ei- ja Terviseakadeemia, Harmoonikum, Viru Folk, Roheliste Rattaretk, Looduse aasta foto, Kirjastus Pegasus, P\u00f5listarkuste ja Rahvaravi Kool, Mooska talu, Tagav\u00e4lja talu, SA Kalevipoja Koda, Eesti Tr\u00fckimuuseum, ning meestelauluselts L\u00dc\u00dc-T\u00dcRR.<\/p>\n\n\n\n<div class=\"wp-block-group\"><div class=\"wp-block-group__inner-container is-layout-constrained wp-block-group-is-layout-constrained\">\n<div class=\"wp-block-columns has-nv-light-bg-background-color has-background is-layout-flex wp-container-core-columns-is-layout-9d6595d7 wp-block-columns-is-layout-flex\" style=\"border-width:1px;border-radius:10px\">\n<div class=\"wp-block-column is-layout-flow wp-block-column-is-layout-flow\" style=\"flex-basis:25%\"><\/div>\n\n\n\n<div class=\"wp-block-column is-layout-flow wp-block-column-is-layout-flow\" style=\"flex-basis:75%\">\n<h2 class=\"wp-block-heading\">Hiite kuvav\u00f5istlus<\/h2>\n\n\n\n<p>J\u00e4\u00e4dvusta p\u00e4randit ja osale v\u00f5istlusel!<\/p>\n\n\n\n<div class=\"wp-block-buttons is-layout-flex wp-block-buttons-is-layout-flex\">\n<div class=\"wp-block-button is-style-primary\"><a class=\"wp-block-button__link wp-element-button\" href=\"https:\/\/www.hiis.ee\/kuva\/\">UURIN SIIT<\/a><\/div>\n<\/div>\n<\/div>\n<\/div>\n<\/div><\/div>\n","protected":false},"excerpt":{"rendered":"<p>Hiite kuvav\u00f5istlus, kuhu oodatakse fotosid hiitest ja teistest looduslikest p\u00fchapaikadest. V\u00f5istluse eesm\u00e4rk on v\u00e4\u00e4rtustada ajalooliste p\u00fchapaikade kultuuri- ja loodusp\u00e4randit, j\u00e4\u00e4dvustada nende hetkeseisund ning suunata inimesi p\u00fchapaiku k\u00fclastama ja hoidma. Rahvusvahelise v\u00f5istluse teemaks on looduslikud (mitte ehitatud-rajatud) p\u00fchapaigad: hiied ja p\u00fchad m\u00e4ed, veekogud, puud, kivid jm loodusobjektid, kus juba meie esivanemad k\u00e4isid palvetamas, ravimas, ande j\u00e4tmas,&hellip;&nbsp;<a href=\"https:\/\/web.alfanet.ee\/~hiiepaik\/tegutse\/kuvavoistlus\/\" rel=\"bookmark\">Read More &raquo;<span class=\"screen-reader-text\">KUVAV\u00d5ISTLUS<\/span><\/a><\/p>\n","protected":false},"author":4,"featured_media":0,"parent":27,"menu_order":2,"comment_status":"closed","ping_status":"open","template":"","meta":{"neve_meta_sidebar":"","neve_meta_container":"","neve_meta_enable_content_width":"","neve_meta_content_width":0,"neve_meta_title_alignment":"","neve_meta_author_avatar":"","neve_post_elements_order":"","neve_meta_disable_header":"","neve_meta_disable_footer":"","neve_meta_disable_title":"","ngg_post_thumbnail":0,"footnotes":""},"class_list":["post-91","page","type-page","status-publish","hentry"],"yoast_head":"<!-- This site is optimized with the Yoast SEO plugin v26.7 - https:\/\/yoast.com\/wordpress\/plugins\/seo\/ -->\n<title>KUVAV\u00d5ISTLUS -<\/title>\n<meta name=\"robots\" content=\"index, follow, max-snippet:-1, max-image-preview:large, max-video-preview:-1\" \/>\n<link rel=\"canonical\" href=\"https:\/\/web.alfanet.ee\/~hiiepaik\/tegutse\/kuvavoistlus\/\" \/>\n<meta property=\"og:locale\" content=\"et_EE\" \/>\n<meta property=\"og:type\" content=\"article\" \/>\n<meta property=\"og:title\" content=\"KUVAV\u00d5ISTLUS -\" \/>\n<meta property=\"og:description\" content=\"Hiite kuvav\u00f5istlus, kuhu oodatakse fotosid hiitest ja teistest looduslikest p\u00fchapaikadest. V\u00f5istluse eesm\u00e4rk on v\u00e4\u00e4rtustada ajalooliste p\u00fchapaikade kultuuri- ja loodusp\u00e4randit, j\u00e4\u00e4dvustada nende hetkeseisund ning suunata inimesi p\u00fchapaiku k\u00fclastama ja hoidma. Rahvusvahelise v\u00f5istluse teemaks on looduslikud (mitte ehitatud-rajatud) p\u00fchapaigad: hiied ja p\u00fchad m\u00e4ed, veekogud, puud, kivid jm loodusobjektid, kus juba meie esivanemad k\u00e4isid palvetamas, ravimas, ande j\u00e4tmas,&hellip;&nbsp;Read More &raquo;KUVAV\u00d5ISTLUS\" \/>\n<meta property=\"og:url\" content=\"https:\/\/web.alfanet.ee\/~hiiepaik\/tegutse\/kuvavoistlus\/\" \/>\n<meta property=\"article:publisher\" content=\"https:\/\/www.facebook.com\/hiiepaik\/\" \/>\n<meta property=\"article:modified_time\" content=\"2024-12-31T13:10:01+00:00\" \/>\n<meta property=\"og:image\" content=\"https:\/\/web.alfanet.ee\/~hiiepaik\/wp-content\/uploads\/2015\/03\/Helme-Orjakivi.png\" \/>\n\t<meta property=\"og:image:width\" content=\"957\" \/>\n\t<meta property=\"og:image:height\" content=\"645\" \/>\n\t<meta property=\"og:image:type\" content=\"image\/png\" \/>\n<meta name=\"twitter:label1\" content=\"Est. reading time\" \/>\n\t<meta name=\"twitter:data1\" content=\"2 minutit\" \/>\n<script type=\"application\/ld+json\" class=\"yoast-schema-graph\">{\"@context\":\"https:\/\/schema.org\",\"@graph\":[{\"@type\":\"WebPage\",\"@id\":\"https:\/\/web.alfanet.ee\/~hiiepaik\/tegutse\/kuvavoistlus\/\",\"url\":\"https:\/\/web.alfanet.ee\/~hiiepaik\/tegutse\/kuvavoistlus\/\",\"name\":\"KUVAV\u00d5ISTLUS -\",\"isPartOf\":{\"@id\":\"https:\/\/web.alfanet.ee\/~hiiepaik\/#website\"},\"primaryImageOfPage\":{\"@id\":\"https:\/\/web.alfanet.ee\/~hiiepaik\/tegutse\/kuvavoistlus\/#primaryimage\"},\"image\":{\"@id\":\"https:\/\/web.alfanet.ee\/~hiiepaik\/tegutse\/kuvavoistlus\/#primaryimage\"},\"thumbnailUrl\":\"https:\/\/web.alfanet.ee\/~hiiepaik\/wp-content\/uploads\/2015\/03\/Helme-Orjakivi-300x202.png\",\"datePublished\":\"2015-03-21T22:34:01+00:00\",\"dateModified\":\"2024-12-31T13:10:01+00:00\",\"breadcrumb\":{\"@id\":\"https:\/\/web.alfanet.ee\/~hiiepaik\/tegutse\/kuvavoistlus\/#breadcrumb\"},\"inLanguage\":\"et\",\"potentialAction\":[{\"@type\":\"ReadAction\",\"target\":[\"https:\/\/web.alfanet.ee\/~hiiepaik\/tegutse\/kuvavoistlus\/\"]}]},{\"@type\":\"ImageObject\",\"inLanguage\":\"et\",\"@id\":\"https:\/\/web.alfanet.ee\/~hiiepaik\/tegutse\/kuvavoistlus\/#primaryimage\",\"url\":\"https:\/\/web.alfanet.ee\/~hiiepaik\/wp-content\/uploads\/2015\/03\/Helme-Orjakivi.png\",\"contentUrl\":\"https:\/\/web.alfanet.ee\/~hiiepaik\/wp-content\/uploads\/2015\/03\/Helme-Orjakivi.png\",\"width\":957,\"height\":645,\"caption\":\"Helme Orjakivi, autor Olev Merivee\"},{\"@type\":\"BreadcrumbList\",\"@id\":\"https:\/\/web.alfanet.ee\/~hiiepaik\/tegutse\/kuvavoistlus\/#breadcrumb\",\"itemListElement\":[{\"@type\":\"ListItem\",\"position\":1,\"name\":\"Home\",\"item\":\"https:\/\/web.alfanet.ee\/~hiiepaik\/\"},{\"@type\":\"ListItem\",\"position\":2,\"name\":\"TEGUTSE\",\"item\":\"https:\/\/web.alfanet.ee\/~hiiepaik\/tegutse\/\"},{\"@type\":\"ListItem\",\"position\":3,\"name\":\"KUVAV\u00d5ISTLUS\"}]},{\"@type\":\"WebSite\",\"@id\":\"https:\/\/web.alfanet.ee\/~hiiepaik\/#website\",\"url\":\"https:\/\/web.alfanet.ee\/~hiiepaik\/\",\"name\":\"Hiiepaik\",\"description\":\"\",\"potentialAction\":[{\"@type\":\"SearchAction\",\"target\":{\"@type\":\"EntryPoint\",\"urlTemplate\":\"https:\/\/web.alfanet.ee\/~hiiepaik\/?s={search_term_string}\"},\"query-input\":{\"@type\":\"PropertyValueSpecification\",\"valueRequired\":true,\"valueName\":\"search_term_string\"}}],\"inLanguage\":\"et\"}]}<\/script>\n<!-- \/ Yoast SEO plugin. -->","yoast_head_json":{"title":"KUVAV\u00d5ISTLUS -","robots":{"index":"index","follow":"follow","max-snippet":"max-snippet:-1","max-image-preview":"max-image-preview:large","max-video-preview":"max-video-preview:-1"},"canonical":"https:\/\/web.alfanet.ee\/~hiiepaik\/tegutse\/kuvavoistlus\/","og_locale":"et_EE","og_type":"article","og_title":"KUVAV\u00d5ISTLUS -","og_description":"Hiite kuvav\u00f5istlus, kuhu oodatakse fotosid hiitest ja teistest looduslikest p\u00fchapaikadest. V\u00f5istluse eesm\u00e4rk on v\u00e4\u00e4rtustada ajalooliste p\u00fchapaikade kultuuri- ja loodusp\u00e4randit, j\u00e4\u00e4dvustada nende hetkeseisund ning suunata inimesi p\u00fchapaiku k\u00fclastama ja hoidma. Rahvusvahelise v\u00f5istluse teemaks on looduslikud (mitte ehitatud-rajatud) p\u00fchapaigad: hiied ja p\u00fchad m\u00e4ed, veekogud, puud, kivid jm loodusobjektid, kus juba meie esivanemad k\u00e4isid palvetamas, ravimas, ande j\u00e4tmas,&hellip;&nbsp;Read More &raquo;KUVAV\u00d5ISTLUS","og_url":"https:\/\/web.alfanet.ee\/~hiiepaik\/tegutse\/kuvavoistlus\/","article_publisher":"https:\/\/www.facebook.com\/hiiepaik\/","article_modified_time":"2024-12-31T13:10:01+00:00","og_image":[{"width":957,"height":645,"url":"https:\/\/web.alfanet.ee\/~hiiepaik\/wp-content\/uploads\/2015\/03\/Helme-Orjakivi.png","type":"image\/png"}],"twitter_misc":{"Est. reading time":"2 minutit"},"schema":{"@context":"https:\/\/schema.org","@graph":[{"@type":"WebPage","@id":"https:\/\/web.alfanet.ee\/~hiiepaik\/tegutse\/kuvavoistlus\/","url":"https:\/\/web.alfanet.ee\/~hiiepaik\/tegutse\/kuvavoistlus\/","name":"KUVAV\u00d5ISTLUS -","isPartOf":{"@id":"https:\/\/web.alfanet.ee\/~hiiepaik\/#website"},"primaryImageOfPage":{"@id":"https:\/\/web.alfanet.ee\/~hiiepaik\/tegutse\/kuvavoistlus\/#primaryimage"},"image":{"@id":"https:\/\/web.alfanet.ee\/~hiiepaik\/tegutse\/kuvavoistlus\/#primaryimage"},"thumbnailUrl":"https:\/\/web.alfanet.ee\/~hiiepaik\/wp-content\/uploads\/2015\/03\/Helme-Orjakivi-300x202.png","datePublished":"2015-03-21T22:34:01+00:00","dateModified":"2024-12-31T13:10:01+00:00","breadcrumb":{"@id":"https:\/\/web.alfanet.ee\/~hiiepaik\/tegutse\/kuvavoistlus\/#breadcrumb"},"inLanguage":"et","potentialAction":[{"@type":"ReadAction","target":["https:\/\/web.alfanet.ee\/~hiiepaik\/tegutse\/kuvavoistlus\/"]}]},{"@type":"ImageObject","inLanguage":"et","@id":"https:\/\/web.alfanet.ee\/~hiiepaik\/tegutse\/kuvavoistlus\/#primaryimage","url":"https:\/\/web.alfanet.ee\/~hiiepaik\/wp-content\/uploads\/2015\/03\/Helme-Orjakivi.png","contentUrl":"https:\/\/web.alfanet.ee\/~hiiepaik\/wp-content\/uploads\/2015\/03\/Helme-Orjakivi.png","width":957,"height":645,"caption":"Helme Orjakivi, autor Olev Merivee"},{"@type":"BreadcrumbList","@id":"https:\/\/web.alfanet.ee\/~hiiepaik\/tegutse\/kuvavoistlus\/#breadcrumb","itemListElement":[{"@type":"ListItem","position":1,"name":"Home","item":"https:\/\/web.alfanet.ee\/~hiiepaik\/"},{"@type":"ListItem","position":2,"name":"TEGUTSE","item":"https:\/\/web.alfanet.ee\/~hiiepaik\/tegutse\/"},{"@type":"ListItem","position":3,"name":"KUVAV\u00d5ISTLUS"}]},{"@type":"WebSite","@id":"https:\/\/web.alfanet.ee\/~hiiepaik\/#website","url":"https:\/\/web.alfanet.ee\/~hiiepaik\/","name":"Hiiepaik","description":"","potentialAction":[{"@type":"SearchAction","target":{"@type":"EntryPoint","urlTemplate":"https:\/\/web.alfanet.ee\/~hiiepaik\/?s={search_term_string}"},"query-input":{"@type":"PropertyValueSpecification","valueRequired":true,"valueName":"search_term_string"}}],"inLanguage":"et"}]}},"_links":{"self":[{"href":"https:\/\/web.alfanet.ee\/~hiiepaik\/wp-json\/wp\/v2\/pages\/91","targetHints":{"allow":["GET"]}}],"collection":[{"href":"https:\/\/web.alfanet.ee\/~hiiepaik\/wp-json\/wp\/v2\/pages"}],"about":[{"href":"https:\/\/web.alfanet.ee\/~hiiepaik\/wp-json\/wp\/v2\/types\/page"}],"author":[{"embeddable":true,"href":"https:\/\/web.alfanet.ee\/~hiiepaik\/wp-json\/wp\/v2\/users\/4"}],"replies":[{"embeddable":true,"href":"https:\/\/web.alfanet.ee\/~hiiepaik\/wp-json\/wp\/v2\/comments?post=91"}],"version-history":[{"count":2,"href":"https:\/\/web.alfanet.ee\/~hiiepaik\/wp-json\/wp\/v2\/pages\/91\/revisions"}],"predecessor-version":[{"id":4442,"href":"https:\/\/web.alfanet.ee\/~hiiepaik\/wp-json\/wp\/v2\/pages\/91\/revisions\/4442"}],"up":[{"embeddable":true,"href":"https:\/\/web.alfanet.ee\/~hiiepaik\/wp-json\/wp\/v2\/pages\/27"}],"wp:attachment":[{"href":"https:\/\/web.alfanet.ee\/~hiiepaik\/wp-json\/wp\/v2\/media?parent=91"}],"curies":[{"name":"wp","href":"https:\/\/api.w.org\/{rel}","templated":true}]}}