{"id":72,"date":"2015-03-22T00:28:49","date_gmt":"2015-03-21T22:28:49","guid":{"rendered":"https:\/\/web.alfanet.ee\/~hiiepaik\/?page_id=72"},"modified":"2023-06-26T16:35:17","modified_gmt":"2023-06-26T13:35:17","slug":"filmid-videod","status":"publish","type":"page","link":"https:\/\/web.alfanet.ee\/~hiiepaik\/vaata\/filmid-videod\/","title":{"rendered":"FILMID \/ VIDEOD"},"content":{"rendered":"\n<figure class=\"wp-block-pullquote has-text-align-left\"><blockquote><p>L\u00dcHIFILMISARI EESTI LOODUSLIKUD P\u00dcHAPAIGAD<\/p><cite>Tartu \u00dclikool 2014<\/cite><\/blockquote><\/figure>\n\n\n\n<div class=\"wp-block-columns is-layout-flex wp-container-core-columns-is-layout-9d6595d7 wp-block-columns-is-layout-flex\">\n<div class=\"wp-block-column is-layout-flow wp-block-column-is-layout-flow\">\n<h3 class=\"wp-block-heading\">Gerd Kanter: Vana-Vigala hiiekoht<\/h3>\n\n\n\n<p>Maailmameister Gerd Kanteri kodukoht on Vana-Vigalas. Tema kodu l\u00e4hedal asub vahepeal unustatud hiiekoht, millele kohalik folklooriselts on taas t\u00e4henduse andnud.<\/p>\n\n\n\n<figure class=\"wp-block-embed is-type-video is-provider-youtube wp-block-embed-youtube wp-embed-aspect-16-9 wp-has-aspect-ratio\"><div class=\"wp-block-embed__wrapper\">\n<div class=\"nv-iframe-embed\"><iframe loading=\"lazy\" title=\"Eesti looduslikud p\u00fchapaigad: Vana-Vigala hiiekoht - Gerd Kanter\" width=\"1200\" height=\"675\" src=\"https:\/\/www.youtube.com\/embed\/kh0OMPs4v7E?feature=oembed\" frameborder=\"0\" allow=\"accelerometer; autoplay; clipboard-write; encrypted-media; gyroscope; picture-in-picture; web-share\" allowfullscreen><\/iframe><\/div>\n<\/div><\/figure>\n<\/div>\n\n\n\n<div class=\"wp-block-column is-layout-flow wp-block-column-is-layout-flow\">\n<h3 class=\"wp-block-heading\">Kristiina Ehin: Paluk\u00fcla hiis<\/h3>\n\n\n\n<p>Paluk\u00fcla Hiiem\u00e4gi on ajaloolise Harjumaa k\u00f5rgeim m\u00e4gi. Plaan rajada sinna suur suusakeskus on t\u00e4nini j\u00f5us. Oma sidemest selle paigaga r\u00e4\u00e4gib luuletaja Kristiina Ehin.<\/p>\n\n\n\n<figure class=\"wp-block-embed is-type-video is-provider-youtube wp-block-embed-youtube wp-embed-aspect-16-9 wp-has-aspect-ratio\"><div class=\"wp-block-embed__wrapper\">\n<div class=\"nv-iframe-embed\"><iframe loading=\"lazy\" title=\"Eesti looduslikud p\u00fchapaigad: Paluk\u00fcla hiiem\u00e4gi - Kristiina Ehin\" width=\"1200\" height=\"675\" src=\"https:\/\/www.youtube.com\/embed\/DLihAmZYDFg?feature=oembed\" frameborder=\"0\" allow=\"accelerometer; autoplay; clipboard-write; encrypted-media; gyroscope; picture-in-picture; web-share\" allowfullscreen><\/iframe><\/div>\n<\/div><\/figure>\n<\/div>\n<\/div>\n\n\n\n<hr class=\"wp-block-separator has-alpha-channel-opacity\"\/>\n\n\n\n<div class=\"wp-block-columns is-layout-flex wp-container-core-columns-is-layout-9d6595d7 wp-block-columns-is-layout-flex\">\n<div class=\"wp-block-column is-layout-flow wp-block-column-is-layout-flow\">\n<h3 class=\"wp-block-heading\">T\u00f5nis M\u00e4gi: Tammiku hiis<\/h3>\n\n\n\n<p>Enamik Tammiku hiiest Ida-Virumaal on j\u00e4\u00e4nud kaevanduse aherainem\u00e4e alla. Allesj\u00e4\u00e4nud tammepuu all k\u00f5neleb hiite ja meie rahva teemal T\u00f5nis M\u00e4gi.<\/p>\n\n\n\n<figure class=\"wp-block-embed is-type-video is-provider-youtube wp-block-embed-youtube wp-embed-aspect-16-9 wp-has-aspect-ratio\"><div class=\"wp-block-embed__wrapper\">\n<div class=\"nv-iframe-embed\"><iframe loading=\"lazy\" title=\"Eesti looduslikud p\u00fchapaigad: Tammiku hiis - To\u0303nis Ma\u0308gi\" width=\"1200\" height=\"675\" src=\"https:\/\/www.youtube.com\/embed\/y4rAKpJbxXw?feature=oembed\" frameborder=\"0\" allow=\"accelerometer; autoplay; clipboard-write; encrypted-media; gyroscope; picture-in-picture; web-share\" allowfullscreen><\/iframe><\/div>\n<\/div><\/figure>\n<\/div>\n\n\n\n<div class=\"wp-block-column is-layout-flow wp-block-column-is-layout-flow\">\n<h3 class=\"wp-block-heading\">Tanel Ots: T\u00f5dva Anim\u00e4gi ja Silmaallikas<\/h3>\n\n\n\n<p>Kirik ja looduslikud p\u00fchapaigad. Kas kahe usu lepitamatu vastuolu? J\u00fcri kiriku\u00f5petaja ja Saku valla volikogu esimees Tanel Ots n\u00e4itab T\u00f5dva Anim\u00e4ge, kus t\u00e4nu kohaliku rahva sekkumisele j\u00e4i tegemata lageraie.<\/p>\n\n\n\n<figure class=\"wp-block-embed is-type-video is-provider-youtube wp-block-embed-youtube wp-embed-aspect-16-9 wp-has-aspect-ratio\"><div class=\"wp-block-embed__wrapper\">\n<div class=\"nv-iframe-embed\"><iframe loading=\"lazy\" title=\"Eesti looduslikud p\u00fchapaigad: T\u00f5dva Anim\u00e4gi - Tanel Ots\" width=\"1200\" height=\"675\" src=\"https:\/\/www.youtube.com\/embed\/reC6z0HBcwU?feature=oembed\" frameborder=\"0\" allow=\"accelerometer; autoplay; clipboard-write; encrypted-media; gyroscope; picture-in-picture; web-share\" allowfullscreen><\/iframe><\/div>\n<\/div><\/figure>\n<\/div>\n<\/div>\n\n\n\n<hr class=\"wp-block-separator has-alpha-channel-opacity\"\/>\n\n\n\n<div class=\"wp-block-columns is-layout-flex wp-container-core-columns-is-layout-9d6595d7 wp-block-columns-is-layout-flex\">\n<div class=\"wp-block-column is-layout-flow wp-block-column-is-layout-flow\">\n<h3 class=\"wp-block-heading\">Sonny Aswani: Taevaskoda<\/h3>\n\n\n\n<p>Looduslikud p\u00fchapaigad ja \u00e4rimaailm ei pea olema vastanduvad ning lahus. Film vahendab Bali saarelt p\u00e4rit ettev\u00f5tja, Kehra paberivabriku omaniku Sonny Aswani kohtumist Taevaskojaga.<\/p>\n\n\n\n<figure class=\"wp-block-embed is-type-video is-provider-youtube wp-block-embed-youtube wp-embed-aspect-16-9 wp-has-aspect-ratio\"><div class=\"wp-block-embed__wrapper\">\n<div class=\"nv-iframe-embed\"><iframe loading=\"lazy\" title=\"Eesti looduslikud p\u00fchapaigad: Taevaskoda - Sonny Aswani\" width=\"1200\" height=\"675\" src=\"https:\/\/www.youtube.com\/embed\/t6Q3BWQawUM?feature=oembed\" frameborder=\"0\" allow=\"accelerometer; autoplay; clipboard-write; encrypted-media; gyroscope; picture-in-picture; web-share\" allowfullscreen><\/iframe><\/div>\n<\/div><\/figure>\n<\/div>\n\n\n\n<div class=\"wp-block-column is-layout-flow wp-block-column-is-layout-flow\">\n<h3 class=\"wp-block-heading\">Mari-Liis Lill: P\u00e4rispea Liukkivi ja Hooneteperi m\u00e4gi<\/h3>\n\n\n\n<p>Lapsed on maailmale avatud \u2013 nii oli see minevikus ja on ka praegu. P\u00e4rispea Hooneteperi hiiekohas ja Liukkivil on koos kohalike k\u00fclalastega n\u00e4itleja Mari-Liis Lill.<\/p>\n\n\n\n<figure class=\"wp-block-embed is-type-video is-provider-youtube wp-block-embed-youtube wp-embed-aspect-16-9 wp-has-aspect-ratio\"><div class=\"wp-block-embed__wrapper\">\n<div class=\"nv-iframe-embed\"><iframe loading=\"lazy\" title=\"Eesti looduslikud p\u00fchapaigad: P\u00e4rispea Liukkivi ja Hooneteperi m\u00e4gi - Mari-Liis Lill\" width=\"1200\" height=\"675\" src=\"https:\/\/www.youtube.com\/embed\/qHAxP8arJ1A?feature=oembed\" frameborder=\"0\" allow=\"accelerometer; autoplay; clipboard-write; encrypted-media; gyroscope; picture-in-picture; web-share\" allowfullscreen><\/iframe><\/div>\n<\/div><\/figure>\n<\/div>\n<\/div>\n\n\n\n<hr class=\"wp-block-separator has-alpha-channel-opacity\"\/>\n\n\n\n<div class=\"wp-block-columns is-layout-flex wp-container-core-columns-is-layout-9d6595d7 wp-block-columns-is-layout-flex\">\n<div class=\"wp-block-column is-layout-flow wp-block-column-is-layout-flow\">\n<h3 class=\"wp-block-heading\">VEEL K\u00d5NELUSI P\u00dcHAPAIKADEST<\/h3>\n\n\n\n<p>ERR \u2013 Ajalik ja ajatu: Marju K\u00f5ivupuu sada \u00fcks p\u00fchapaika (2011.a.)<\/p>\n\n\n\n<figure class=\"wp-block-image size-full\"><a href=\"https:\/\/arhiiv.err.ee\/vaata\/ajalik-ja-ajatu-marju-koivupuu-sada-uks-puhapaika\" target=\"_blank\" rel=\"noreferrer noopener\"><img loading=\"lazy\" decoding=\"async\" width=\"912\" height=\"511\" src=\"https:\/\/web.alfanet.ee\/~hiiepaik\/wp-content\/uploads\/2019\/04\/ERR-Marju-K\u00f5ivupuu-sada\u00fcks-p\u00fchapaika.jpg\" alt=\"\" class=\"wp-image-3637\" srcset=\"https:\/\/web.alfanet.ee\/~hiiepaik\/wp-content\/uploads\/2019\/04\/ERR-Marju-K\u00f5ivupuu-sada\u00fcks-p\u00fchapaika.jpg 912w, https:\/\/web.alfanet.ee\/~hiiepaik\/wp-content\/uploads\/2019\/04\/ERR-Marju-K\u00f5ivupuu-sada\u00fcks-p\u00fchapaika-300x168.jpg 300w, https:\/\/web.alfanet.ee\/~hiiepaik\/wp-content\/uploads\/2019\/04\/ERR-Marju-K\u00f5ivupuu-sada\u00fcks-p\u00fchapaika-768x430.jpg 768w, https:\/\/web.alfanet.ee\/~hiiepaik\/wp-content\/uploads\/2019\/04\/ERR-Marju-K\u00f5ivupuu-sada\u00fcks-p\u00fchapaika-500x280.jpg 500w\" sizes=\"auto, (max-width: 912px) 100vw, 912px\" \/><\/a><\/figure>\n<\/div>\n\n\n\n<div class=\"wp-block-column is-layout-flow wp-block-column-is-layout-flow\"><\/div>\n<\/div>\n\n\n\n<p><\/p>\n","protected":false},"excerpt":{"rendered":"<p>L\u00dcHIFILMISARI EESTI LOODUSLIKUD P\u00dcHAPAIGAD Tartu \u00dclikool 2014 Gerd Kanter: Vana-Vigala hiiekoht Maailmameister Gerd Kanteri kodukoht on Vana-Vigalas. Tema kodu l\u00e4hedal asub vahepeal unustatud hiiekoht, millele kohalik folklooriselts on taas t\u00e4henduse andnud. Kristiina Ehin: Paluk\u00fcla hiis Paluk\u00fcla Hiiem\u00e4gi on ajaloolise Harjumaa k\u00f5rgeim m\u00e4gi. Plaan rajada sinna suur suusakeskus on t\u00e4nini j\u00f5us. Oma sidemest selle paigaga r\u00e4\u00e4gib&hellip;&nbsp;<a href=\"https:\/\/web.alfanet.ee\/~hiiepaik\/vaata\/filmid-videod\/\" rel=\"bookmark\">Read More &raquo;<span class=\"screen-reader-text\">FILMID \/ VIDEOD<\/span><\/a><\/p>\n","protected":false},"author":1,"featured_media":0,"parent":66,"menu_order":1,"comment_status":"closed","ping_status":"open","template":"","meta":{"neve_meta_sidebar":"","neve_meta_container":"","neve_meta_enable_content_width":"","neve_meta_content_width":0,"neve_meta_title_alignment":"","neve_meta_author_avatar":"","neve_post_elements_order":"","neve_meta_disable_header":"","neve_meta_disable_footer":"","neve_meta_disable_title":"","ngg_post_thumbnail":0,"footnotes":""},"class_list":["post-72","page","type-page","status-publish","hentry"],"yoast_head":"<!-- This site is optimized with the Yoast SEO plugin v26.7 - https:\/\/yoast.com\/wordpress\/plugins\/seo\/ -->\n<title>FILMID \/ VIDEOD -<\/title>\n<meta name=\"robots\" content=\"index, follow, max-snippet:-1, max-image-preview:large, max-video-preview:-1\" \/>\n<link rel=\"canonical\" href=\"https:\/\/web.alfanet.ee\/~hiiepaik\/vaata\/filmid-videod\/\" \/>\n<meta property=\"og:locale\" content=\"et_EE\" \/>\n<meta property=\"og:type\" content=\"article\" \/>\n<meta property=\"og:title\" content=\"FILMID \/ VIDEOD -\" \/>\n<meta property=\"og:description\" content=\"L\u00dcHIFILMISARI EESTI LOODUSLIKUD P\u00dcHAPAIGAD Tartu \u00dclikool 2014 Gerd Kanter: Vana-Vigala hiiekoht Maailmameister Gerd Kanteri kodukoht on Vana-Vigalas. Tema kodu l\u00e4hedal asub vahepeal unustatud hiiekoht, millele kohalik folklooriselts on taas t\u00e4henduse andnud. Kristiina Ehin: Paluk\u00fcla hiis Paluk\u00fcla Hiiem\u00e4gi on ajaloolise Harjumaa k\u00f5rgeim m\u00e4gi. Plaan rajada sinna suur suusakeskus on t\u00e4nini j\u00f5us. Oma sidemest selle paigaga r\u00e4\u00e4gib&hellip;&nbsp;Read More &raquo;FILMID \/ VIDEOD\" \/>\n<meta property=\"og:url\" content=\"https:\/\/web.alfanet.ee\/~hiiepaik\/vaata\/filmid-videod\/\" \/>\n<meta property=\"article:publisher\" content=\"https:\/\/www.facebook.com\/hiiepaik\/\" \/>\n<meta property=\"article:modified_time\" content=\"2023-06-26T13:35:17+00:00\" \/>\n<meta name=\"twitter:label1\" content=\"Est. reading time\" \/>\n\t<meta name=\"twitter:data1\" content=\"2 minutit\" \/>\n<script type=\"application\/ld+json\" class=\"yoast-schema-graph\">{\"@context\":\"https:\/\/schema.org\",\"@graph\":[{\"@type\":\"WebPage\",\"@id\":\"https:\/\/web.alfanet.ee\/~hiiepaik\/vaata\/filmid-videod\/\",\"url\":\"https:\/\/web.alfanet.ee\/~hiiepaik\/vaata\/filmid-videod\/\",\"name\":\"FILMID \/ VIDEOD -\",\"isPartOf\":{\"@id\":\"https:\/\/web.alfanet.ee\/~hiiepaik\/#website\"},\"datePublished\":\"2015-03-21T22:28:49+00:00\",\"dateModified\":\"2023-06-26T13:35:17+00:00\",\"breadcrumb\":{\"@id\":\"https:\/\/web.alfanet.ee\/~hiiepaik\/vaata\/filmid-videod\/#breadcrumb\"},\"inLanguage\":\"et\",\"potentialAction\":[{\"@type\":\"ReadAction\",\"target\":[\"https:\/\/web.alfanet.ee\/~hiiepaik\/vaata\/filmid-videod\/\"]}]},{\"@type\":\"BreadcrumbList\",\"@id\":\"https:\/\/web.alfanet.ee\/~hiiepaik\/vaata\/filmid-videod\/#breadcrumb\",\"itemListElement\":[{\"@type\":\"ListItem\",\"position\":1,\"name\":\"Home\",\"item\":\"https:\/\/web.alfanet.ee\/~hiiepaik\/\"},{\"@type\":\"ListItem\",\"position\":2,\"name\":\"VAATA\",\"item\":\"https:\/\/web.alfanet.ee\/~hiiepaik\/vaata\/\"},{\"@type\":\"ListItem\",\"position\":3,\"name\":\"FILMID \/ VIDEOD\"}]},{\"@type\":\"WebSite\",\"@id\":\"https:\/\/web.alfanet.ee\/~hiiepaik\/#website\",\"url\":\"https:\/\/web.alfanet.ee\/~hiiepaik\/\",\"name\":\"Hiiepaik\",\"description\":\"\",\"potentialAction\":[{\"@type\":\"SearchAction\",\"target\":{\"@type\":\"EntryPoint\",\"urlTemplate\":\"https:\/\/web.alfanet.ee\/~hiiepaik\/?s={search_term_string}\"},\"query-input\":{\"@type\":\"PropertyValueSpecification\",\"valueRequired\":true,\"valueName\":\"search_term_string\"}}],\"inLanguage\":\"et\"}]}<\/script>\n<!-- \/ Yoast SEO plugin. -->","yoast_head_json":{"title":"FILMID \/ VIDEOD -","robots":{"index":"index","follow":"follow","max-snippet":"max-snippet:-1","max-image-preview":"max-image-preview:large","max-video-preview":"max-video-preview:-1"},"canonical":"https:\/\/web.alfanet.ee\/~hiiepaik\/vaata\/filmid-videod\/","og_locale":"et_EE","og_type":"article","og_title":"FILMID \/ VIDEOD -","og_description":"L\u00dcHIFILMISARI EESTI LOODUSLIKUD P\u00dcHAPAIGAD Tartu \u00dclikool 2014 Gerd Kanter: Vana-Vigala hiiekoht Maailmameister Gerd Kanteri kodukoht on Vana-Vigalas. Tema kodu l\u00e4hedal asub vahepeal unustatud hiiekoht, millele kohalik folklooriselts on taas t\u00e4henduse andnud. Kristiina Ehin: Paluk\u00fcla hiis Paluk\u00fcla Hiiem\u00e4gi on ajaloolise Harjumaa k\u00f5rgeim m\u00e4gi. Plaan rajada sinna suur suusakeskus on t\u00e4nini j\u00f5us. Oma sidemest selle paigaga r\u00e4\u00e4gib&hellip;&nbsp;Read More &raquo;FILMID \/ VIDEOD","og_url":"https:\/\/web.alfanet.ee\/~hiiepaik\/vaata\/filmid-videod\/","article_publisher":"https:\/\/www.facebook.com\/hiiepaik\/","article_modified_time":"2023-06-26T13:35:17+00:00","twitter_misc":{"Est. reading time":"2 minutit"},"schema":{"@context":"https:\/\/schema.org","@graph":[{"@type":"WebPage","@id":"https:\/\/web.alfanet.ee\/~hiiepaik\/vaata\/filmid-videod\/","url":"https:\/\/web.alfanet.ee\/~hiiepaik\/vaata\/filmid-videod\/","name":"FILMID \/ VIDEOD -","isPartOf":{"@id":"https:\/\/web.alfanet.ee\/~hiiepaik\/#website"},"datePublished":"2015-03-21T22:28:49+00:00","dateModified":"2023-06-26T13:35:17+00:00","breadcrumb":{"@id":"https:\/\/web.alfanet.ee\/~hiiepaik\/vaata\/filmid-videod\/#breadcrumb"},"inLanguage":"et","potentialAction":[{"@type":"ReadAction","target":["https:\/\/web.alfanet.ee\/~hiiepaik\/vaata\/filmid-videod\/"]}]},{"@type":"BreadcrumbList","@id":"https:\/\/web.alfanet.ee\/~hiiepaik\/vaata\/filmid-videod\/#breadcrumb","itemListElement":[{"@type":"ListItem","position":1,"name":"Home","item":"https:\/\/web.alfanet.ee\/~hiiepaik\/"},{"@type":"ListItem","position":2,"name":"VAATA","item":"https:\/\/web.alfanet.ee\/~hiiepaik\/vaata\/"},{"@type":"ListItem","position":3,"name":"FILMID \/ VIDEOD"}]},{"@type":"WebSite","@id":"https:\/\/web.alfanet.ee\/~hiiepaik\/#website","url":"https:\/\/web.alfanet.ee\/~hiiepaik\/","name":"Hiiepaik","description":"","potentialAction":[{"@type":"SearchAction","target":{"@type":"EntryPoint","urlTemplate":"https:\/\/web.alfanet.ee\/~hiiepaik\/?s={search_term_string}"},"query-input":{"@type":"PropertyValueSpecification","valueRequired":true,"valueName":"search_term_string"}}],"inLanguage":"et"}]}},"_links":{"self":[{"href":"https:\/\/web.alfanet.ee\/~hiiepaik\/wp-json\/wp\/v2\/pages\/72","targetHints":{"allow":["GET"]}}],"collection":[{"href":"https:\/\/web.alfanet.ee\/~hiiepaik\/wp-json\/wp\/v2\/pages"}],"about":[{"href":"https:\/\/web.alfanet.ee\/~hiiepaik\/wp-json\/wp\/v2\/types\/page"}],"author":[{"embeddable":true,"href":"https:\/\/web.alfanet.ee\/~hiiepaik\/wp-json\/wp\/v2\/users\/1"}],"replies":[{"embeddable":true,"href":"https:\/\/web.alfanet.ee\/~hiiepaik\/wp-json\/wp\/v2\/comments?post=72"}],"version-history":[{"count":3,"href":"https:\/\/web.alfanet.ee\/~hiiepaik\/wp-json\/wp\/v2\/pages\/72\/revisions"}],"predecessor-version":[{"id":4250,"href":"https:\/\/web.alfanet.ee\/~hiiepaik\/wp-json\/wp\/v2\/pages\/72\/revisions\/4250"}],"up":[{"embeddable":true,"href":"https:\/\/web.alfanet.ee\/~hiiepaik\/wp-json\/wp\/v2\/pages\/66"}],"wp:attachment":[{"href":"https:\/\/web.alfanet.ee\/~hiiepaik\/wp-json\/wp\/v2\/media?parent=72"}],"curies":[{"name":"wp","href":"https:\/\/api.w.org\/{rel}","templated":true}]}}