{"id":31,"date":"2015-03-21T22:49:39","date_gmt":"2015-03-21T20:49:39","guid":{"rendered":"https:\/\/web.alfanet.ee\/~hiiepaik\/?page_id=31"},"modified":"2024-12-05T02:24:02","modified_gmt":"2024-12-05T00:24:02","slug":"viited","status":"publish","type":"page","link":"https:\/\/web.alfanet.ee\/~hiiepaik\/viited\/","title":{"rendered":"VIITED"},"content":{"rendered":"\n<div class=\"wp-block-media-text is-stacked-on-mobile is-vertically-aligned-top\"><figure class=\"wp-block-media-text__media\"><img loading=\"lazy\" decoding=\"async\" width=\"1024\" height=\"686\" src=\"https:\/\/web.alfanet.ee\/~hiiepaik\/wp-content\/uploads\/2015\/03\/Hiiepaelad.-Tokri-Tammets\u00f5\u00f5r.-Autor_Kadriliis-R\u00e4mmann-1024x686.jpg\" alt=\"\" class=\"wp-image-248 size-full\" srcset=\"https:\/\/web.alfanet.ee\/~hiiepaik\/wp-content\/uploads\/2015\/03\/Hiiepaelad.-Tokri-Tammets\u00f5\u00f5r.-Autor_Kadriliis-R\u00e4mmann-1024x686.jpg 1024w, https:\/\/web.alfanet.ee\/~hiiepaik\/wp-content\/uploads\/2015\/03\/Hiiepaelad.-Tokri-Tammets\u00f5\u00f5r.-Autor_Kadriliis-R\u00e4mmann-300x201.jpg 300w, https:\/\/web.alfanet.ee\/~hiiepaik\/wp-content\/uploads\/2015\/03\/Hiiepaelad.-Tokri-Tammets\u00f5\u00f5r.-Autor_Kadriliis-R\u00e4mmann-448x300.jpg 448w, https:\/\/web.alfanet.ee\/~hiiepaik\/wp-content\/uploads\/2015\/03\/Hiiepaelad.-Tokri-Tammets\u00f5\u00f5r.-Autor_Kadriliis-R\u00e4mmann.jpg 1419w\" sizes=\"auto, (max-width: 1024px) 100vw, 1024px\" \/><\/figure><div class=\"wp-block-media-text__content\">\n<h4 class=\"wp-block-heading\">S\u00f5brad<\/h4>\n\n\n\n<p><a href=\"https:\/\/ee.fsc.org\/ee-et\">Eesti FSC<\/a><\/p>\n\n\n\n<p><a href=\"https:\/\/www.eestimetsaabiks.ee\/\">Eesti Metsa Abiks<\/a><\/p>\n\n\n\n<p><a href=\"https:\/\/hiis.ee\/\">Hiite Maja Sihtasutus<\/a><\/p>\n\n\n\n<p><a href=\"https:\/\/www.kul.ee\/\">Kultuurimininsteerium<\/a><\/p>\n\n\n\n<p><a href=\"https:\/\/www.maavald.ee\/\">Maavalla Koda<\/a><\/p>\n\n\n\n<p><a href=\"https:\/\/www.facebook.com\/polinepere\/\">MT\u00dc P\u00f5line Pere<\/a><\/p>\n\n\n\n<p><a href=\"https:\/\/sacrednaturalsites.org\/\">Sacred Natural Sites Initiative<\/a><\/p>\n\n\n\n<p><a href=\"https:\/\/www.taivaannaula.org\/\">Taivaannaula<\/a><\/p>\n<\/div><\/div>\n","protected":false},"excerpt":{"rendered":"<p>S\u00f5brad Eesti FSC Eesti Metsa Abiks Hiite Maja Sihtasutus Kultuurimininsteerium Maavalla Koda MT\u00dc P\u00f5line Pere Sacred Natural Sites Initiative Taivaannaula<\/p>\n","protected":false},"author":1,"featured_media":0,"parent":0,"menu_order":0,"comment_status":"closed","ping_status":"open","template":"","meta":{"neve_meta_sidebar":"","neve_meta_container":"","neve_meta_enable_content_width":"","neve_meta_content_width":0,"neve_meta_title_alignment":"","neve_meta_author_avatar":"","neve_post_elements_order":"","neve_meta_disable_header":"","neve_meta_disable_footer":"","neve_meta_disable_title":"","ngg_post_thumbnail":0,"footnotes":""},"class_list":["post-31","page","type-page","status-publish","hentry"],"yoast_head":"<!-- This site is optimized with the Yoast SEO plugin v26.7 - https:\/\/yoast.com\/wordpress\/plugins\/seo\/ -->\n<title>VIITED -<\/title>\n<meta name=\"robots\" content=\"index, follow, max-snippet:-1, max-image-preview:large, max-video-preview:-1\" \/>\n<link rel=\"canonical\" href=\"https:\/\/web.alfanet.ee\/~hiiepaik\/viited\/\" \/>\n<meta property=\"og:locale\" content=\"et_EE\" \/>\n<meta property=\"og:type\" content=\"article\" \/>\n<meta property=\"og:title\" content=\"VIITED -\" \/>\n<meta property=\"og:description\" content=\"S\u00f5brad Eesti FSC Eesti Metsa Abiks Hiite Maja Sihtasutus Kultuurimininsteerium Maavalla Koda MT\u00dc P\u00f5line Pere Sacred Natural Sites Initiative Taivaannaula\" \/>\n<meta property=\"og:url\" content=\"https:\/\/web.alfanet.ee\/~hiiepaik\/viited\/\" \/>\n<meta property=\"article:publisher\" content=\"https:\/\/www.facebook.com\/hiiepaik\/\" \/>\n<meta property=\"article:modified_time\" content=\"2024-12-05T00:24:02+00:00\" \/>\n<meta name=\"twitter:label1\" content=\"Est. reading time\" \/>\n\t<meta name=\"twitter:data1\" content=\"1 minut\" \/>\n<script type=\"application\/ld+json\" class=\"yoast-schema-graph\">{\"@context\":\"https:\/\/schema.org\",\"@graph\":[{\"@type\":\"WebPage\",\"@id\":\"https:\/\/web.alfanet.ee\/~hiiepaik\/viited\/\",\"url\":\"https:\/\/web.alfanet.ee\/~hiiepaik\/viited\/\",\"name\":\"VIITED -\",\"isPartOf\":{\"@id\":\"https:\/\/web.alfanet.ee\/~hiiepaik\/#website\"},\"datePublished\":\"2015-03-21T20:49:39+00:00\",\"dateModified\":\"2024-12-05T00:24:02+00:00\",\"breadcrumb\":{\"@id\":\"https:\/\/web.alfanet.ee\/~hiiepaik\/viited\/#breadcrumb\"},\"inLanguage\":\"et\",\"potentialAction\":[{\"@type\":\"ReadAction\",\"target\":[\"https:\/\/web.alfanet.ee\/~hiiepaik\/viited\/\"]}]},{\"@type\":\"BreadcrumbList\",\"@id\":\"https:\/\/web.alfanet.ee\/~hiiepaik\/viited\/#breadcrumb\",\"itemListElement\":[{\"@type\":\"ListItem\",\"position\":1,\"name\":\"Home\",\"item\":\"https:\/\/web.alfanet.ee\/~hiiepaik\/\"},{\"@type\":\"ListItem\",\"position\":2,\"name\":\"VIITED\"}]},{\"@type\":\"WebSite\",\"@id\":\"https:\/\/web.alfanet.ee\/~hiiepaik\/#website\",\"url\":\"https:\/\/web.alfanet.ee\/~hiiepaik\/\",\"name\":\"Hiiepaik\",\"description\":\"\",\"potentialAction\":[{\"@type\":\"SearchAction\",\"target\":{\"@type\":\"EntryPoint\",\"urlTemplate\":\"https:\/\/web.alfanet.ee\/~hiiepaik\/?s={search_term_string}\"},\"query-input\":{\"@type\":\"PropertyValueSpecification\",\"valueRequired\":true,\"valueName\":\"search_term_string\"}}],\"inLanguage\":\"et\"}]}<\/script>\n<!-- \/ Yoast SEO plugin. -->","yoast_head_json":{"title":"VIITED -","robots":{"index":"index","follow":"follow","max-snippet":"max-snippet:-1","max-image-preview":"max-image-preview:large","max-video-preview":"max-video-preview:-1"},"canonical":"https:\/\/web.alfanet.ee\/~hiiepaik\/viited\/","og_locale":"et_EE","og_type":"article","og_title":"VIITED -","og_description":"S\u00f5brad Eesti FSC Eesti Metsa Abiks Hiite Maja Sihtasutus Kultuurimininsteerium Maavalla Koda MT\u00dc P\u00f5line Pere Sacred Natural Sites Initiative Taivaannaula","og_url":"https:\/\/web.alfanet.ee\/~hiiepaik\/viited\/","article_publisher":"https:\/\/www.facebook.com\/hiiepaik\/","article_modified_time":"2024-12-05T00:24:02+00:00","twitter_misc":{"Est. reading time":"1 minut"},"schema":{"@context":"https:\/\/schema.org","@graph":[{"@type":"WebPage","@id":"https:\/\/web.alfanet.ee\/~hiiepaik\/viited\/","url":"https:\/\/web.alfanet.ee\/~hiiepaik\/viited\/","name":"VIITED -","isPartOf":{"@id":"https:\/\/web.alfanet.ee\/~hiiepaik\/#website"},"datePublished":"2015-03-21T20:49:39+00:00","dateModified":"2024-12-05T00:24:02+00:00","breadcrumb":{"@id":"https:\/\/web.alfanet.ee\/~hiiepaik\/viited\/#breadcrumb"},"inLanguage":"et","potentialAction":[{"@type":"ReadAction","target":["https:\/\/web.alfanet.ee\/~hiiepaik\/viited\/"]}]},{"@type":"BreadcrumbList","@id":"https:\/\/web.alfanet.ee\/~hiiepaik\/viited\/#breadcrumb","itemListElement":[{"@type":"ListItem","position":1,"name":"Home","item":"https:\/\/web.alfanet.ee\/~hiiepaik\/"},{"@type":"ListItem","position":2,"name":"VIITED"}]},{"@type":"WebSite","@id":"https:\/\/web.alfanet.ee\/~hiiepaik\/#website","url":"https:\/\/web.alfanet.ee\/~hiiepaik\/","name":"Hiiepaik","description":"","potentialAction":[{"@type":"SearchAction","target":{"@type":"EntryPoint","urlTemplate":"https:\/\/web.alfanet.ee\/~hiiepaik\/?s={search_term_string}"},"query-input":{"@type":"PropertyValueSpecification","valueRequired":true,"valueName":"search_term_string"}}],"inLanguage":"et"}]}},"_links":{"self":[{"href":"https:\/\/web.alfanet.ee\/~hiiepaik\/wp-json\/wp\/v2\/pages\/31","targetHints":{"allow":["GET"]}}],"collection":[{"href":"https:\/\/web.alfanet.ee\/~hiiepaik\/wp-json\/wp\/v2\/pages"}],"about":[{"href":"https:\/\/web.alfanet.ee\/~hiiepaik\/wp-json\/wp\/v2\/types\/page"}],"author":[{"embeddable":true,"href":"https:\/\/web.alfanet.ee\/~hiiepaik\/wp-json\/wp\/v2\/users\/1"}],"replies":[{"embeddable":true,"href":"https:\/\/web.alfanet.ee\/~hiiepaik\/wp-json\/wp\/v2\/comments?post=31"}],"version-history":[{"count":2,"href":"https:\/\/web.alfanet.ee\/~hiiepaik\/wp-json\/wp\/v2\/pages\/31\/revisions"}],"predecessor-version":[{"id":4347,"href":"https:\/\/web.alfanet.ee\/~hiiepaik\/wp-json\/wp\/v2\/pages\/31\/revisions\/4347"}],"wp:attachment":[{"href":"https:\/\/web.alfanet.ee\/~hiiepaik\/wp-json\/wp\/v2\/media?parent=31"}],"curies":[{"name":"wp","href":"https:\/\/api.w.org\/{rel}","templated":true}]}}